 is the units digit of 29741?
1
What is the tens digit of 6144?
4
What is the tens digit of 6351?
5
What is the hundreds digit of 89273?
2
What is the tens digit of 12273?
7
What is the hundreds digit of 6219?
2
What is the tens digit of 2290?
9
What is the units digit of 10789?
9
What is the tens digit of 209?
0
What is the tens digit of 4635?
3
What is the units digit of 15488?
8
What is the hundreds digit of 712?
7
What is the units digit of 3119?
9
What is the tens digit of 5823?
2
What is the units digit of 32371?
1
What is the tens digit of 18449?
4
What is the hundreds digit of 1177?
1
What is the hundreds digit of 276?
2
What is the thousands digit of 1641?
1
What is the tens digit of 863?
6
What is the tens digit of 43927?
2
What is the hundreds digit of 9070?
0
What is the hundreds digit of 472?
4
What is the units digit of 1497?
7
What is the ten thousands digit of 13399?
1
What is the units digit of 2699?
9
What is the thousands digit of 5376?
5
What is the hundreds digit of 5643?
6
What is the units digit of 8890?
0
What is the tens digit of 36420?
2
What is the hundreds digit of 117903?
9
What is the thousands digit of 14853?
4
What is the tens digit of 12147?
4
What is the tens digit of 680?
8
What is the tens digit of 854?
5
What is the thousands digit of 1018?
1
What is the thousands digit of 6116?
6
What is the hundreds digit of 2581?
5
What is the tens digit of 127781?
8
What is the ten thousands digit of 33529?
3
What is the thousands digit of 2814?
2
What is the units digit of 2560?
0
What is the units digit of 2570?
0
What is the units digit of 51182?
2
What is the units digit of 526?
6
What is the tens digit of 1716?
1
What is the tens digit of 451?
5
What is the hundreds digit of 1630?
6
What is the hundreds digit of 1140?
1
What is the units digit of 8210?
0
What is the units digit of 1394?
4
What is the tens digit of 50917?
1
What is the thousands digit of 4001?
4
What is the tens digit of 2533?
3
What is the hundreds digit of 2775?
7
What is the tens digit of 18858?
5
What is the units digit of 5466?
6
What is the thousands digit of 4323?
4
What is the thousands digit of 29422?
9
What is the thousands digit of 2548?
2
What is the tens digit of 6569?
6
What is the hundreds digit of 2222?
2
What is the hundreds digit of 23522?
5
What is the thousands digit of 4729?
4
What is the thousands digit of 5536?
5
What is the hundreds digit of 47160?
1
What is the hundreds digit of 774?
7
What is the thousands digit of 31515?
1
What is the ten thousands digit of 24022?
2
What is the units digit of 4392?
2
What is the hundreds digit of 46566?
5
What is the units digit of 6644?
4
What is the units digit of 494?
4
What is the thousands digit of 8490?
8
What is the tens digit of 1594?
9
What is the tens digit of 3648?
4
What is the units digit of 21829?
9
What is the ten thousands digit of 12978?
1
What is the hundreds digit of 638?
6
What is the tens digit of 30354?
5
What is the units digit of 73171?
1
What is the hundreds digit of 158009?
0
What is the units digit of 10182?
2
What is the thousands digit of 2600?
2
What is the tens digit of 6710?
1
What is the units digit of 34726?
6
What is the thousands digit of 4725?
4
What is the hundreds digit of 3191?
1
What is the units digit of 25710?
0
What is the units digit of 78331?
1
What is the tens digit of 20489?
8
What is the units digit of 587?
7
What is the units digit of 1225?
5
What is the tens digit of 772?
7
What is the tens digit of 3529?
2
What is the ten thousands digit of 15505?
1
What is the thousands digit of 3957?
3
What is the tens digit of 25975?
7
What is the hundreds digit of 3300?
3
What is the units digit of 86422?
2
What is the thousands digit of 1288?
1
What is the units digit of 216?
6
What is the hundreds digit of 556?
5
What is the hundreds digit of 413?
4
What is the hundreds digit of 23535?
5
What is the units digit of 8620?
0
What is the units digit of 9383?
3
What is the tens digit of 440?
4
What is the units digit of 749?
9
What is the ten thousands digit of 13952?
1
What is the hundreds digit of 1051?
0
What is the hundreds digit of 1301?
3
What is the thousands digit of 2248?
2
What is the hundreds digit of 43991?
9
What is the hundreds digit of 14693?
6
What is the units digit of 9521?
1
What is the thousands digit of 1205?
1
What is the units digit of 1817?
7
What is the tens digit of 2264?
6
What is the units digit of 96265?
5
What is the hundreds digit of 101806?
8
What is the hundreds digit of 996?
9
What is the thousands digit of 4520?
4
What is the units digit of 5588?
8
What is the thousands digit of 1210?
1
What is the hundreds digit of 1240?
2
What is the tens digit of 1341?
4
What is the thousands digit of 27465?
7
What is the hundreds digit of 853?
8
What is the units digit of 4553?
3
What is the units digit of 4036?
6
What is the units digit of 2247?
7
What is the hundreds digit of 243?
2
What is the units digit of 7085?
5
What is the tens digit of 1735?
3
What is the tens digit of 920?
2
What is the tens digit of 6666?
6
What is the units digit of 9650?
0
What is the hundreds digit of 749?
7
What is the tens digit of 5271?
7
What is the thousands digit of 2166?
2
What is the ten thousands digit of 29761?
2
What is the units digit of 29350?
0
What is the units digit of 7106?
6
What is the hundreds digit of 3257?
2
What is the tens digit of 563?
6
What is the units digit of 103595?
5
What is the thousands digit of 37727?
7
What is the units digit of 30139?
9
What is the units digit of 759?
9
What is the hundreds digit of 15744?
7
What is the hundreds digit of 489?
4
What is the units digit of 38166?
6
What is the ten thousands digit of 62350?
6
What is the tens digit of 2992?
9
What is the tens digit of 81912?
1
What is the ten thousands digit of 31430?
3
What is the tens digit of 582?
8
What is the units digit of 1370?
0
What is the hundreds digit of 4701?
7
What is the hundreds digit of 295?
2
What is the thousands digit of 92987?
2
What is the tens digit of 1549?
4
What is the tens digit of 1943?
4
What is the thousands digit of 3518?
3
What is the units digit of 653?
3
What is the hundreds digit of 3304?
3
What is the thousands digit of 1425?
1
What is the thousands digit of 3950?
3
What is the tens digit of 2376?
7
What is the hundreds digit of 827?
8
What is the units digit of 7053?
3
What is the tens digit of 1330?
3
What is the units digit of 3070?
0
What is the tens digit of 19811?
1
What is the units digit of 565?
5
What is the tens digit of 1260?
6
What is the units digit of 559?
9
What is the hundred thousands digit of 133026?
1
What is the tens digit of 8291?
9
What is the ten thousands digit of 20916?
2
What is the units digit of 1249?
9
What is the thousands digit of 7643?
7
What is the hundreds digit of 3688?
6
What is the hundreds digit of 3147?
1
What is the thousands digit of 6792?
6
What is the thousands digit of 26068?
6
What is the units digit of 54353?
3
What is the thousands digit of 5831?
5
What is the hundreds digit of 2027?
0
What is the units digit of 881?
1
What is the thousands digit of 91693?
1
What is the tens digit of 2358?
5
What is the units digit of 996?
6
What is the thousands digit of 41855?
1
What is the tens digit of 3068?
6
What is the units digit of 778?
8
What is the thousands digit of 2023?
2
What is the ten thousands digit of 15987?
1
What is the units digit of 1944?
4
What is the thousands digit of 81532?
1
What is the tens digit of 6436?
3
What is the hundreds digit of 1165?
1
What is the hundreds digit of 8819?
8
What is the tens digit of 6525?
2
What is the units digit of 84?
4
What is the units digit of 13128?
8
What is the units digit of 645?
5
What is the units digit of 36679?
9
What is the units digit of 2707?
7
What is the tens digit of 2254?
5
What is the units digit of 11528?
8
What is the hundreds digit of 24311?
3
What is the tens digit of 1054?
5
What is the thousands digit of 115157?
5
What is the units digit of 4776?
6
What is the hundreds digit of 4707?
7
What is the ten thousands digit of 34620?
3
What is the tens digit of 1461?
6
What is the hundreds digit of 1568?
5
What is the hundreds digit of 68628?
6
What is the tens digit of 122976?
7
What is the hundreds digit of